{"id":92,"date":"2019-04-27T07:41:04","date_gmt":"2019-04-27T07:41:04","guid":{"rendered":"https:\/\/siikasalmenkoulu.fi\/wp\/?page_id=92"},"modified":"2023-10-03T18:38:02","modified_gmt":"2023-10-03T18:38:02","slug":"kouluun-hakeminen","status":"publish","type":"page","link":"https:\/\/siikasalmenkoulu.fi\/koulu\/kouluun-hakeminen\/","title":{"rendered":"Kouluun hakeminen"},"content":{"rendered":"\n<p>Kouluun voi ilmoittautua ymp\u00e4ri vuoden, mutta virallinen  ilmoittautumisaika syksyn uusille oppilaille on maaliskuun loppuun  menness\u00e4.<\/p>\n\n\n\n<p>Ilmoittautumislomakkeen voit ladata <a href=\"http:\/\/siikasalmenkoulu.fi\/ladattavat\/ilmoittautumislomake.pdf\">t\u00e4\u00e4lt\u00e4<\/a><br>voit pyyt\u00e4\u00e4 lomakkeen my\u00f6s suoraan koululta.<\/p>\n\n\n\n<p>rehtori Jari Keronen<br>puh. 044 569 5388<br>jari.keronen@siikasalmenkoulu.fi<\/p>\n\n\n\n<figure class=\"wp-block-image is-resized\"><img loading=\"lazy\" src=\"https:\/\/siikasalmenkoulu.fi\/wp\/wp-content\/uploads\/2019\/04\/poika-2.jpg\" alt=\"\" class=\"wp-image-97\" width=\"360\" height=\"480\" srcset=\"https:\/\/siikasalmenkoulu.fi\/koulu\/wp-content\/uploads\/2019\/04\/poika-2.jpg 480w, https:\/\/siikasalmenkoulu.fi\/koulu\/wp-content\/uploads\/2019\/04\/poika-2-225x300.jpg 225w\" sizes=\"(max-width: 360px) 100vw, 360px\" \/><\/figure>\n","protected":false},"excerpt":{"rendered":"<div class=\"mh-excerpt\"><p>Kouluun voi ilmoittautua ymp\u00e4ri vuoden, mutta virallinen ilmoittautumisaika syksyn uusille oppilaille on maaliskuun loppuun menness\u00e4. Ilmoittautumislomakkeen voit ladata t\u00e4\u00e4lt\u00e4voit pyyt\u00e4\u00e4 lomakkeen my\u00f6s suoraan koululta. rehtori <a class=\"mh-excerpt-more\" href=\"https:\/\/siikasalmenkoulu.fi\/koulu\/kouluun-hakeminen\/\" title=\"Kouluun hakeminen\">[&#8230;]<\/a><\/p>\n<\/div>","protected":false},"author":1,"featured_media":0,"parent":0,"menu_order":0,"comment_status":"closed","ping_status":"closed","template":"","meta":[],"_links":{"self":[{"href":"https:\/\/siikasalmenkoulu.fi\/koulu\/wp-json\/wp\/v2\/pages\/92"}],"collection":[{"href":"https:\/\/siikasalmenkoulu.fi\/koulu\/wp-json\/wp\/v2\/pages"}],"about":[{"href":"https:\/\/siikasalmenkoulu.fi\/koulu\/wp-json\/wp\/v2\/types\/page"}],"author":[{"embeddable":true,"href":"https:\/\/siikasalmenkoulu.fi\/koulu\/wp-json\/wp\/v2\/users\/1"}],"replies":[{"embeddable":true,"href":"https:\/\/siikasalmenkoulu.fi\/koulu\/wp-json\/wp\/v2\/comments?post=92"}],"version-history":[{"count":8,"href":"https:\/\/siikasalmenkoulu.fi\/koulu\/wp-json\/wp\/v2\/pages\/92\/revisions"}],"predecessor-version":[{"id":400,"href":"https:\/\/siikasalmenkoulu.fi\/koulu\/wp-json\/wp\/v2\/pages\/92\/revisions\/400"}],"wp:attachment":[{"href":"https:\/\/siikasalmenkoulu.fi\/koulu\/wp-json\/wp\/v2\/media?parent=92"}],"curies":[{"name":"wp","href":"https:\/\/api.w.org\/{rel}","templated":true}]}}